hat is the highest common divisor of o and c?
10
Let n be 1/4 - (-62)/8. Let d(v) = 15*v**2 + v + 7. Let b be d(-3). Let j = b + -67. Calculate the highest common factor of n and j.
8
Suppose -5*h + 10*h = 130. Let x be (1/(-3))/((-1474)/1473 - -1). Let j = x + -283. Calculate the highest common factor of j and h.
26
Let b = 17 - 5. Suppose 0 = j + 3 - b. Calculate the greatest common divisor of j and 117.
9
Suppose 3*k = 0, 0*v + 3*k = 3*v - 6. Let c be (-4 + -2)/((-8)/44). Let g = c - 29. Calculate the greatest common factor of v and g.
2
Let q = -42 + 69. Suppose 4*t + 0*t = 16. Suppose 4*b - 2*w = 320, -w = t*b - 5*w - 316. Calculate the greatest common divisor of q and b.
27
Suppose -4*d - 156 = -4*r - 7*d, 0 = -5*r + 5*d + 195. Suppose -1 - 28 = -l + 4*t, 3*t - 14 = -2*l. Calculate the highest common divisor of l and r.
13
Let m(f) = 0*f + 2 - 2*f - 76*f**3 - 4*f**2 + 114*f**3. Let y be m(2). What is the highest common factor of 26 and y?
26
Let f be 80/(-12)*(-12)/10. Let d(a) be the third derivative of 23*a**4/24 - 2*a**3/3 + 3*a**2. Let j be d(4). What is the greatest common factor of f and j?
8
Suppose s - 1 = -5. Let m be -6*(-11)/s*-2. Suppose -5*i + 114 = t - 0*t, -5*t - 24 = -2*i. Calculate the greatest common factor of m and i.
11
Suppose 23 = 5*m - 2*f + 3, -f - 5 = 0. Suppose -334 = -4*s - m*o, -4*o - 85 = -s - 3*o. Calculate the greatest common divisor of s and 12.
12
Let x(l) = 2*l**2 + 5*l + 33. Let a be x(-8). What is the greatest common divisor of a and 44?
11
Let l(p) = -8*p**3 + 2*p**2 - 1. Let c be l(1). Let y(h) = -h**2 - 3*h + 7. Let f be y(c). Let v = f - -37. Calculate the highest common factor of v and 2.
2
Let m be (-1 + -1)/(4/(-44)). Let s = -10 - -10. Suppose -k = 0, s = j + j - k - m. What is the greatest common divisor of 22 and j?
11
Let p be (-2)/(-2 + 32/18). Suppose -r - 5*l + 94 = 0, -r = -3*l - 146 + 44. What is the highest common divisor of p and r?
9
Suppose -33*n = 26*n - 21*n - 1558. Suppose -3*j - 452 = -1559. Calculate the highest common factor of n and j.
41
Let y = 0 - -6. Suppose s + 120 = y*s. What is the highest common factor of s and 216?
24
Suppose 0 = 5*u - 2*u - 177. Suppose p + 14 = u. What is the greatest common factor of 30 and p?
15
Let s be 780/48 - (84/(-16))/7. Let q be 17/4*(3 + 1). Calculate the greatest common factor of q and s.
17
Suppose 2*m - 2 = -0*m. Let k be m/(-3*2/(-12)). Suppose -k*o - 3*o + 277 = -h, -5*o - 3*h = -289. Calculate the greatest common factor of 7 and o.
7
Let h be (274 - -1) + (-1 - -1). Calculate the greatest common factor of h and 44.
11
Suppose v = -1 + 9. Suppose -87 = 5*l + 18. Let y be (-54)/(-14) + (-66)/l + -3. What is the greatest common divisor of y and v?
4
Let a be (-1 + 0)*4 + (-9 - -79). Calculate the greatest common divisor of 1650 and a.
66
Let z(j) = 6*j**2 + 7. Let y be z(-3). Suppose -35 = 4*m + y. Let v = -16 - m. What is the highest common factor of v and 24?
8
Suppose 68*x - 65*x + 10 = 4*v, 0 = -2*v - x + 10. Let z be 4*2/20*10. Suppose z*l - 35 = 45. Calculate the greatest common divisor of v and l.
4
Suppose -52*f - 108 = -2292. What is the highest common divisor of f and 6?
6
Let y = 1262 - 1242. Suppose -2*r + 3*r - 8 = 0. What is the greatest common factor of y and r?
4
Let z(b) = 84*b + 3. Let p be z(-1). Let g = p - -161. What is the greatest common divisor of 16 and g?
16
Let r be (-156)/(7/(-2) - -2). What is the highest common factor of r and 39?
13
Let s = 211 - -530. Suppose s - 237 = 3*t. What is the greatest common divisor of t and 21?
21
Suppose 2*q = 8 + 82. What is the greatest common divisor of 9 and q?
9
Let q be (-3)/6*3*-4. Suppose 0 = q*j - 2*j. Suppose 2*p + 6 = j, 0 = 4*m + 5*p - 21 - 24. Calculate the highest common divisor of m and 15.
15
Let n(k) = k**2 - 5*k - 9. Let o be n(7). Let w be (-13)/(-65) - 176/o. Let s = -16 - w. What is the greatest common divisor of s and 19?
19
Suppose -25*y + 20*y + 4 = 4*t, -4*y = -3*t - 28. Calculate the greatest common factor of 4 and y.
4
Let p be (-1 + 1 - -180)/(4/8). Calculate the highest common factor of p and 40.
40
Suppose 0 = 142*x - 138*x - 264. Let c be 7 + -2 + 3 + 1. Let d = -3 + c. What is the highest common divisor of x and d?
6
Let x(l) = 15*l**2 - 3*l + 2. Let d be x(3). Let a(h) = -7*h - 15. Let q be a(-22). Suppose 14*y - q = 85. Calculate the greatest common divisor of d and y.
16
Let p(q) = 6*q**2 - 71*q + 56. Let m be p(15). What is the highest common divisor of 11 and m?
11
Let p(v) = -v**2 + 35*v - 32. Let a be p(19). Calculate the highest common factor of 51 and a.
17
Let y(i) = -4*i + 7. Let k be y(-6). Let b be (-120)/(-80)*(-248)/(-6). What is the greatest common divisor of b and k?
31
Let b = -5 - -8. Suppose 0 = -5*m - b - 22. Let k be m/(-1) - (-6 + 3). What is the greatest common factor of 8 and k?
8
Let y be ((-125)/(-75))/(1/3). Calculate the greatest common factor of 70 and y.
5
Suppose 12*t = 5*c + 10*t - 11, 4*t = -c - 11. What is the highest common divisor of 281 and c?
1
Let q(s) = 22*s - 11. Let y be q(2). Let i(j) = -27*j + 3. Let u be i(-6). Calculate the greatest common factor of y and u.
33
Let a = 3 + -1. Suppose a*u - 62 = -4*v + 2*v, -2*v = 4*u - 122. Let o(b) = -9*b - 33. Let i be o(-12). Calculate the highest common divisor of u and i.
15
Suppose 5*f + 603 = -4*x, 732 = -4*x - x + f. Let a = -12 - x. Calculate the highest common divisor of a and 15.
15
Let f be 2/(-6 - -2)*2. Let k be f + (-1 - -5) + 4. Let d = -232 + 239. Calculate the greatest common factor of k and d.
7
Suppose 0 = 128*t - 112*t - 624. What is the greatest common factor of 65 and t?
13
Let q = 326 + -312. Calculate the greatest common divisor of 182 and q.
14
Suppose 14*r - 13*r - 3 = 0. Suppose 5*l + 4*m - r*m - 77 = 0, 9 = l - 3*m. Calculate the highest common divisor of 45 and l.
15
Suppose 0 = 3*n + 3*m - 6, 4*n - n + m - 12 = 0. Let s = 5 - 6. Let b be s/(2/(-20)*2). What is the greatest common factor of n and b?
5
Let r be 0 + 12 + (-21)/7 + 5. Let n = 136 - 94. Calculate the highest common divisor of n and r.
14
Let y = 27 - 24. Let b(r) = 2*r**2 + 1. Let t be b(y). Suppose -s = 4*d - 605, 3*d - 617 = -d + 3*s. What is the greatest common factor of d and t?
19
Suppose r - 52 = -3*y, -40 = -3*y + 12*r - 10*r. Suppose 5*d = 20, -13 = -3*m - 4*d + 15. What is the greatest common divisor of m and y?
4
Let x be 0/(-1 + (5 - 5)). Suppose -4*l + 96 = -x. What is the greatest common divisor of l and 312?
24
Let x be 4 - 8/(-4)*7. Let m(f) = 2*f - 22. Let g be m(x). Let r be (770/(-15))/((-1)/3). What is the highest common divisor of g and r?
14
Suppose -6*t + 3 + 57 = 0. What is the highest common factor of t and 50?
10
Let a(n) = n**2 + 4*n - 3. Let b be a(2). Let o(p) = p**3 + 5*p**2 + 22*p + 54. Let u be o(-3). Calculate the greatest common divisor of u and b.
3
Suppose 705 = 4*z - 3*u + 8*u, -521 = -3*z + 4*u. Suppose -5*x = 4*n - z, -5*x - 31 = -2*n - 236. Calculate the greatest common factor of x and 13.
13
Let m be (-1705)/(-22) - 1/(-2). Let n(h) = -13*h + 1. Let f be n(4). Let b = f + m. Calculate the highest common factor of b and 18.
9
Suppose -5*n + 0*n = -15, -76 = -o - 2*n. Calculate the greatest common factor of o and 28.
14
Let r(k) = -3*k - 5. Let v be r(6). Let h(t) = -t**2 + 18*t + 20. Let d be h(19). Let j = d - v. Calculate the highest common factor of 16 and j.
8
Let c = -186 - -354. Suppose 24*b = 20*b + c. Calculate the greatest common factor of b and 21.
21
Let j(r) = r**2 - 4*r + 3. Let u be j(4). Let s be (((-36)/(-10))/u)/((-19)/(-570)). What is the highest common factor of s and 144?
36
Let j = -56 - -206. Suppose -2*f + 4*f = 0. Let l be (j + f)*1/2. Calculate the highest common divisor of 25 and l.
25
Let g = 11 + -8. Suppose i + 2*h - 31 = -4*i, g*i = -h + 18. Suppose i*l - 2 = 3*l. Calculate the greatest common factor of 7 and l.
1
Suppose 0 = -9*l - 150 + 690. What is the highest common factor of l and 20?
20
Let i be -2 - -53 - (2 - 3). Suppose -h = -4*y + 36 + 20, 5*y - 69 = h. What is the highest common divisor of y and i?
13
Let g(d) = 59*d**2 - 17*d + 36. Let s be g(6). Calculate the greatest common factor of 42 and s.
42
Let r = -931 + 1051. Calculate the highest common factor of 192 and r.
24
Suppose 90*k - 9